{"id":8,"date":"2025-09-25T09:42:47","date_gmt":"2025-09-25T09:42:47","guid":{"rendered":"https:\/\/www.kws-tax.pl\/?page_id=8"},"modified":"2025-09-25T09:42:47","modified_gmt":"2025-09-25T09:42:47","slug":"o-blogu","status":"publish","type":"page","link":"https:\/\/kws-tax.pl\/?page_id=8","title":{"rendered":"O blogu"},"content":{"rendered":"\n<p>Uprawa ro\u015blin to nie tylko praca, ale te\u017c pasja i spos\u00f3b na \u017cycie bli\u017cej natury. Ten blog powsta\u0142, aby dzieli\u0107 si\u0119 wiedz\u0105, do\u015bwiadczeniem i inspiracjami dla wszystkich, kt\u00f3rzy chc\u0105 stworzy\u0107 w\u0142asny ogr\u00f3d \u2013 bez wzgl\u0119du na to, czy maj\u0105 dzia\u0142k\u0119, balkon czy kilka skrzy\u0144 na tarasie.<\/p>\n\n\n\n<p>\ud83c\udf31 Jak uprawia\u0107 warzywa i owoce w prosty, ekologiczny spos\u00f3b<br>\ud83c\udf3c Jak dba\u0107 o kwiaty, trawniki i ro\u015bliny ozdobne<br>\ud83c\udf45 Jak chroni\u0107 ro\u015bliny naturalnymi metodami, bez chemii<br>\ud83c\udf33 Jak planowa\u0107 ogr\u00f3d, by by\u0142 \u017ar\u00f3d\u0142em plon\u00f3w i pi\u0119kna<br>\u2728 Jak cieszy\u0107 si\u0119 z ogrodu o ka\u017cdej porze roku<\/p>\n","protected":false},"excerpt":{"rendered":"<p>Uprawa ro\u015blin to nie tylko praca, ale te\u017c pasja i spos\u00f3b na \u017cycie bli\u017cej natury. Ten blog powsta\u0142, aby dzieli\u0107 si\u0119 wiedz\u0105, do\u015bwiadczeniem i inspiracjami dla wszystkich, kt\u00f3rzy chc\u0105 stworzy\u0107 w\u0142asny ogr\u00f3d \u2013 bez wzgl\u0119du na to, czy maj\u0105 dzia\u0142k\u0119, balkon czy kilka skrzy\u0144 na tarasie. \ud83c\udf31 Jak uprawia\u0107 warzywa i owoce w prosty, ekologiczny<a class=\"more-link\" href=\"https:\/\/kws-tax.pl\/?page_id=8\">Read more<\/a><\/p>\n","protected":false},"author":1,"featured_media":0,"parent":0,"menu_order":0,"comment_status":"closed","ping_status":"closed","template":"","meta":{"footnotes":""},"class_list":["post-8","page","type-page","status-publish","hentry"],"_links":{"self":[{"href":"https:\/\/kws-tax.pl\/index.php?rest_route=\/wp\/v2\/pages\/8","targetHints":{"allow":["GET"]}}],"collection":[{"href":"https:\/\/kws-tax.pl\/index.php?rest_route=\/wp\/v2\/pages"}],"about":[{"href":"https:\/\/kws-tax.pl\/index.php?rest_route=\/wp\/v2\/types\/page"}],"author":[{"embeddable":true,"href":"https:\/\/kws-tax.pl\/index.php?rest_route=\/wp\/v2\/users\/1"}],"replies":[{"embeddable":true,"href":"https:\/\/kws-tax.pl\/index.php?rest_route=%2Fwp%2Fv2%2Fcomments&post=8"}],"version-history":[{"count":0,"href":"https:\/\/kws-tax.pl\/index.php?rest_route=\/wp\/v2\/pages\/8\/revisions"}],"wp:attachment":[{"href":"https:\/\/kws-tax.pl\/index.php?rest_route=%2Fwp%2Fv2%2Fmedia&parent=8"}],"curies":[{"name":"wp","href":"https:\/\/api.w.org\/{rel}","templated":true}]}}